s the greatest common factor of 84 and 2268?
84
Calculate the greatest common factor of 7560 and 96.
24
Calculate the highest common factor of 75 and 15.
15
Calculate the highest common divisor of 217 and 31.
31
What is the greatest common factor of 40 and 6920?
40
What is the greatest common divisor of 56 and 16?
8
What is the greatest common factor of 711 and 79?
79
Calculate the highest common divisor of 76 and 361.
19
What is the highest common factor of 120 and 384?
24
What is the greatest common divisor of 14 and 2380?
14
What is the highest common divisor of 15 and 645?
15
What is the highest common divisor of 186 and 6603?
93
What is the highest common divisor of 6682 and 257?
257
Calculate the greatest common divisor of 112 and 1106.
14
Calculate the highest common factor of 387 and 12255.
129
What is the highest common factor of 13923 and 351?
117
What is the highest common factor of 40 and 216?
8
Calculate the greatest common divisor of 4017 and 156.
39
What is the highest common divisor of 63 and 14?
7
What is the highest common divisor of 1256 and 24?
8
Calculate the greatest common factor of 2390 and 30.
10
Calculate the highest common factor of 170 and 460.
10
Calculate the highest common divisor of 286 and 1650.
22
What is the greatest common factor of 36 and 36?
36
What is the highest common factor of 5008 and 313?
313
What is the highest common divisor of 1001 and 77?
77
Calculate the greatest common divisor of 2997 and 555.
111
Calculate the highest common divisor of 880 and 935.
55
Calculate the greatest common divisor of 4315 and 25.
5
What is the greatest common factor of 76 and 4?
4
What is the greatest common factor of 3 and 772?
1
Calculate the greatest common factor of 895 and 1432.
179
What is the greatest common factor of 1536 and 144?
48
Calculate the greatest common divisor of 43 and 37.
1
What is the greatest common divisor of 539 and 245?
49
Calculate the greatest common divisor of 14 and 10.
2
Calculate the greatest common factor of 84 and 49.
7
Calculate the highest common divisor of 28 and 14.
14
What is the greatest common divisor of 60 and 24?
12
Calculate the highest common factor of 950 and 4446.
38
What is the greatest common divisor of 1955 and 920?
115
What is the greatest common factor of 21 and 17269?
7
Calculate the highest common divisor of 396 and 11196.
36
Calculate the highest common divisor of 2304 and 234.
18
Calculate the greatest common divisor of 2006 and 238.
34
Calculate the greatest common factor of 2159 and 127.
127
Calculate the greatest common factor of 1 and 114.
1
Calculate the greatest common factor of 1261 and 13.
13
Calculate the greatest common divisor of 16 and 6.
2
What is the highest common divisor of 39 and 9?
3
What is the greatest common divisor of 27 and 279?
9
What is the highest common factor of 16 and 14?
2
Calculate the highest common divisor of 48 and 6.
6
Calculate the greatest common factor of 2499 and 221.
17
Calculate the greatest common divisor of 119 and 14.
7
What is the highest common divisor of 375 and 135?
15
What is the highest common divisor of 7 and 3?
1
What is the highest common divisor of 21 and 33789?
21
Calculate the greatest common factor of 3 and 159.
3
What is the greatest common divisor of 228 and 36?
12
What is the highest common factor of 75 and 1215?
15
Calculate the greatest common divisor of 123 and 9717.
123
What is the greatest common factor of 11055 and 30?
15
What is the greatest common factor of 150 and 160?
10
What is the greatest common divisor of 9889 and 31?
31
Calculate the highest common divisor of 192 and 1136.
16
Calculate the highest common divisor of 3978 and 238.
34
Calculate the greatest common factor of 12 and 27.
3
Calculate the highest common divisor of 33 and 2629.
11
What is the highest common divisor of 20 and 10925?
5
What is the greatest common divisor of 116 and 676?
4
What is the highest common factor of 1233 and 9?
9
Calculate the greatest common divisor of 21 and 10423.
7
Calculate the highest common divisor of 272 and 5253.
17
What is the greatest common factor of 156 and 546?
78
Calculate the highest common divisor of 1015 and 87.
29
What is the highest common divisor of 96 and 1968?
48
What is the highest common divisor of 906 and 24?
6
Calculate the greatest common divisor of 91 and 28.
7
What is the highest common divisor of 432 and 64?
16
Calculate the greatest common divisor of 40 and 140.
20
Calculate the greatest common divisor of 174 and 13746.
174
Calculate the greatest common divisor of 152 and 2.
2
What is the greatest common factor of 104 and 78?
26
Calculate the greatest common factor of 2666 and 2064.
86
What is the greatest common divisor of 203 and 116?
29
Calculate the highest common factor of 23 and 95128.
23
Calculate the greatest common divisor of 13330 and 10.
10
Calculate the highest common factor of 1210 and 50.
10
Calculate the highest common divisor of 21086 and 13.
13
What is the greatest common factor of 12927 and 1251?
417
Calculate the highest common divisor of 129 and 602.
43
Calculate the greatest common factor of 18 and 4626.
18
Calculate the greatest common factor of 45 and 405.
45
What is the highest common factor of 22 and 407?
11
Calculate the greatest common factor of 39 and 208.
13
What is the greatest common divisor of 351 and 837?
27
What is the highest common factor of 75 and 475?
25
Calculate the greatest common divisor of 232 and 29.
29
Calculate the greatest common factor of 4949 and 245.
49
Calculate the highest common factor of 174 and 294.
6
Calculate the highest common factor of 69 and 6.
3
Calculate the highest common divisor of 7095 and 15.
15
What is the greatest common divisor of 745 and 125?
5
Calculate the highest common divisor of 7332 and 780.
156
Calculate the greatest common factor of 2852 and 744.
124
What is the greatest common divisor of 77 and 176?
11
Calculate the highest common divisor of 11 and 671.
11
Calculate the greatest common divisor of 200 and 110.
10
Calculate the highest common factor of 11 and 1859.
11
What is the greatest common factor of 174 and 23838?
174
What is the greatest common factor of 3666 and 338?
26
What is the highest common divisor of 18 and 222?
6
Calculate the greatest common divisor of 13525 and 25.
25
Calculate the highest common factor of 135 and 3010.
5
Calculate the greatest common divisor of 53 and 11183.
53
What is the highest common factor of 72 and 10320?
24
What is the highest common factor of 88 and 2563?
11
What is the highest common divisor of 128 and 29600?
32
Calculate the highest common divisor of 1105 and 85.
85
Calculate the highest common divisor of 10 and 120.
10
Calculate the highest common divisor of 42 and 56.
14
Calculate the highest common divisor of 8 and 1528.
8
What is the greatest common divisor of 14129 and 71?
71
What is the highest common factor of 33 and 1023?
33
What is the highest common factor of 39438 and 42?
42
What is the greatest common divisor of 1690 and 40?
10
What is the highest common factor of 276 and 24?
12
What is the greatest common divisor of 40 and 45?
5
What is the highest common factor of 5535 and 410?
205
What is the greatest common divisor of 553 and 237?
79
Calculate the greatest common factor of 32 and 3568.
16
Calculate the greatest common divisor of 3072 and 24.
24
Calculate the greatest common factor of 15 and 165.
15
Calculate the highest common divisor of 63 and 4473.
63
Calculate the greatest common factor of 360 and 80.
40
Calculate the greatest common divisor of 85 and 4165.
85
Calculate the highest common divisor of 966 and 546.
42
What is the greatest common divisor of 48 and 488?
8
Calculate the greatest common factor of 346 and 6.
2
Calculate the highest common divisor of 112 and 1358.
14
Calculate the greatest common divisor of 106 and 1378.
106
Calculate the highest common factor of 160 and 5.
5
What is the highest common divisor of 350 and 14?
14
Calculate the highest common divisor of 59361 and 94.
47
What is the greatest common factor of 240 and 72?
24
Calculate the greatest common divisor of 32 and 5568.
32
What is the highest common factor of 3296 and 96?
32
Calculate the greatest common divisor of 56 and 616.
56
What is the greatest common